/v prime?
True
Let y = 15455234 - 10770201. Is y prime?
True
Let t(l) = 171*l + 82. Let z be 78/5 + (-15)/25. Is t(z) composite?
False
Let u(k) = 7*k**3 - 5*k**3 + 10 + 81*k**2 + 2 + 15*k - 1. Is u(-39) a prime number?
True
Suppose -3*m + 82 = 5*c, 2*m = 5*m - 12. Suppose -c*a = -19*a + 5200. Let o = a + -723. Is o composite?
False
Suppose -14*v + 12*v = -2004. Suppose c - v = -299. Is c composite?
True
Let o = 19882 - -157375. Is o a prime number?
True
Let u(g) = 14*g + 2. Let p be u(-5). Let f = p + 68. Suppose 0 = 3*a + 2*y - 567, -5*a - y + 952 = -f*y. Is a composite?
False
Let o be (3*(-1)/(-2))/((-26)/(-208)). Suppose o*w - 8*w = 748. Is w a prime number?
False
Let n = -197486 - -338295. Is n a composite number?
True
Suppose -2*i = r - 6331, 3*r + 7566 = -5*i + 23394. Is (69/15)/(3/i) a prime number?
False
Suppose 733*z = 716*z + 6194239. Is z composite?
True
Let m = 288 + -286. Let w = 506 + 20. Suppose m*h - 576 = w. Is h composite?
True
Suppose 11*r - 53 = 2. Let j be (2 - 10/r)/((-6)/(-2)). Suppose j = -4*s + 2120 - 116. Is s a composite number?
True
Let k be (-2 - -3 - 2) + 17 + -18. Is (k + 1)/(32238/(-16118) - -2) composite?
False
Is (2*14923)/(14*(-9)/(-90) + -1) a composite number?
True
Let t = 307 - 1941. Let i = t - -2533. Is i a composite number?
True
Suppose -579062 - 690512 = -62*c. Is c prime?
True
Suppose -5*r = -4*v - 705919, -r - 15*v = -13*v - 141209. Is r a composite number?
True
Let x(w) = -5751*w**3 - 2*w**2 - 52*w + 54. Let z be x(1). Let m(i) = -362*i**2 + 3*i + 1. Let k be m(3). Let q = k - z. Is q composite?
False
Is 260038 + (7/(-3))/((-3)/(-9)) prime?
False
Suppose 3 = -4*g - 5. Let b = -2284 + 2282. Is 6 + (866 - g) - 6/b a prime number?
True
Let x(r) = 15266*r - 745. Is x(3) composite?
False
Suppose 4*p - 5*k + 32 = 0, -2*k = 2*p - 3*k + 10. Is p + -2 + (12*1912)/4 a composite number?
True
Suppose -5*l + p - 54 + 577 = 0, 3*p = 2*l - 217. Let a = 31 - 8. Let r = a + l. Is r a composite number?
False
Suppose 126409 + 105021 = 10*x. Is x a prime number?
True
Suppose j = -4 + 2. Let z = -59 + 52. Is j/z - (-46015)/35 prime?
False
Is 8/44 + 138*(-82407)/(-286) a prime number?
False
Let j(c) = -c**3 + 138*c**2 - 659*c + 131. Is j(130) prime?
False
Let h = -11791 - -29397. Let x = h + -1003. Is x prime?
True
Is (-12)/(-48)*(2293329 + -11 - (1 - -1)) a composite number?
False
Is (-154)/66*(-915189)/11 composite?
True
Let r be (-3 + 1/(4/14))*4676. Let n = r - 9159. Let l = -3882 - n. Is l composite?
False
Let u = 222 + 141. Suppose -f - 1 = -u. Let k = f + 179. Is k composite?
False
Let f = 10838 - 1830. Suppose 5*g + 5*a = 11265, 0*g - 4*g - 2*a = -f. Is g a prime number?
True
Is 0/(3 - 2) + 2737562/94 a composite number?
False
Suppose -5753 = -3*k + 3037. Let r = 753 + k. Is r prime?
False
Let s(v) = 5*v**2 + 1. Let m(n) = 162*n**2 - 7*n - 75. Let g(f) = m(f) - 4*s(f). Is g(12) a prime number?
False
Let f = -62384 + 112668. Suppose -63*t + f = -11*t. Is t a composite number?
False
Let a(u) = 4*u**3 + 10*u**2 - 3*u - 27. Let i be a(-8). Let y = i + 21150. Is y composite?
False
Is 38*4871/2 - (-65 - -57) a composite number?
False
Let s(y) = -18299*y - 9967. Is s(-24) a composite number?
True
Let k be 20/(-50) + 1*36/15. Suppose -5255 = 28*t - 29*t + 3*a, k*a = t - 5259. Is t prime?
False
Let z be (-6)/(-9)*(6 + -4 - 56126). Let o = z + 56705. Is o prime?
True
Suppose 0 = 2*q - 4*o + 6, -2 - 2 = 2*q - 5*o. Is 7 - (-1163 - 49/q) a composite number?
False
Let w be 34314/9 + 4*(-1)/(-3). Let v(t) = 812*t + 21. Let n be v(10). Let b = n - w. Is b a prime number?
True
Suppose -1173571 - 10766395 = -206*m. Is m prime?
False
Let c = -147748 - -210389. Is c prime?
False
Let o(u) = -u**3 - 5*u**2 + 5*u + 9. Let p be o(-16). Suppose -s - p = -5*g + 115, 5*s = -25. Is g + -3 + (3 - 0) a prime number?
True
Let j = 322 - 336. Let u(b) = -b**3 - 5*b**2 + 14*b - 30. Is u(j) composite?
True
Let b be 5/(5/(-1)) - (1 - 3). Suppose -b - 4 = -t - u, 5*t - 70 = 4*u. Is ((-3985)/t)/(3/(-6)) composite?
False
Is -6 - -20 - 19 - -145946 composite?
True
Is 2/((-520392)/260198 - 3/((-24)/16)) a composite number?
False
Suppose 2 = -3*i - q, 3*i + 5*q = -8 + 22. Is (-15221)/i + ((-69)/6 - -10) a composite number?
True
Let w(h) = 2*h**3 - 6*h**2 - 18*h + 11. Let c be w(8). Let s = c + -39. Suppose 4*v = 104 + s. Is v composite?
True
Suppose -1247 = 7*y + 1952. Let a = y - -1270. Is a composite?
True
Suppose a = -i + 133157, 105*a = 3*i + 106*a - 399463. Is i prime?
True
Is 215570/25 + 8/40 a prime number?
True
Let q(s) = 1167*s**2 + 3*s - 1. Let f be q(8). Suppose x - f = 5*r + 5*x, 14938 = -r - 5*x. Is (-5 - r/6)*4/6 composite?
False
Suppose 4*i + 5*l = 142602, -3*i + 7*i = 4*l + 142620. Suppose 20*v - 14278 = -2*b + 24*v, -i = -5*b - 4*v. Is b prime?
False
Suppose -4*l - 9*m = -7*m - 6744, 5*l + 3*m - 8430 = 0. Is ((l - -2) + 5)/1 prime?
True
Let k = 2578 + -1230. Suppose 4*j - k = -5*t + 12326, -j - 4*t + 3413 = 0. Is j composite?
True
Let v(n) = -6*n + 6*n - n. Let s be v(4). Is (s + 3)*1*-3 - -74 a composite number?
True
Is ((-9)/(-3))/(3/4)*845668/16 composite?
True
Suppose p = -5*m + 9658768, 0 = -684*m + 681*m + 4*p + 5795247. Is m prime?
True
Suppose -x + 757 = -3*h, 3*x + h - 2679 = -358. Let s be 5 - (-9)/6*x. Is s*-4*(-4)/16 a prime number?
True
Let f = 34 - 34. Suppose -4*l - 247 + 3603 = f. Is l composite?
False
Suppose 3*d + 0 + 81 = 0. Let h = 29 + d. Suppose -174 = -h*r - 2*q - 26, 0 = 2*q + 10. Is r prime?
True
Suppose -18960 + 113480 = 104*v - 42656. Is v a composite number?
False
Let v be -1 + 15/12 - (-60)/16. Suppose 3*b + 5743 = -t - 0*t, 0 = -2*t + v*b - 11496. Is (-2)/(-14) - t/7 a composite number?
False
Let v be (-16)/(-112) - 71/7*1. Is 162434/4 + v/(-20) prime?
True
Let n = 60 - 58. Suppose -n*u + 2*o = -5294, -2649 = u - 2*u + 2*o. Suppose -3*l = -2*x + 182 + u, 0 = -l + 3. Is x a composite number?
True
Suppose 51*u = 42*u - 160506. Let f = -8089 - u. Is f a prime number?
False
Is 59198*-1*3900/(-600) prime?
False
Suppose -2260 = -7*k + 1247. Is (-5*(-276)/90)/(2/k) a prime number?
False
Let f(o) = o**3 + 3*o**2 + 140*o + 587. Is f(54) composite?
True
Suppose 41463 - 10370 = 17*l. Is l a composite number?
True
Is 65640/(-48)*(-6)/4*(-344)/(-30) composite?
True
Suppose -56 - 220 = -2*k. Suppose i - k = 2*i. Let l = i + 469. Is l a composite number?
False
Suppose 8*k + 2605322 = 12*k - 3*l, -k - 2*l + 651325 = 0. Is k prime?
False
Suppose -376*z = -390*z + 7892122. Is z composite?
False
Let o(s) = 3688*s + 25. Let z(y) = 11063*y + 78. Let t(d) = -11*o(d) + 4*z(d). Is t(22) a prime number?
False
Suppose -2*h = -h + 52803. Let m = -16510 - h. Is m a composite number?
False
Suppose -3*c + 279953 + 175951 = -i, 4*c - 5*i = 607883. Is c composite?
False
Suppose -18*c = -8371258 + 2640652. Is c a prime number?
False
Suppose 4*x + 5*n + 128 = -289, -4*x = 2*n + 426. Let y = x - -1465. Is y prime?
False
Suppose 51562 = 6*n - 49766. Suppose g + n = 5*g. Suppose -6*d = -8*d + g. Is d a composite number?
False
Let l be (-4 - 1755/20) + 1/(-4). Let m = l - -723. Is m composite?
False
Let h(s) be the first derivative of 577*s**2/2 - 173*s + 150. Is h(30) a composite number?
False
Let s(x) = 2*x**3 + 20*x**2 - 12*x - 23. Let h(v) = v**2 + 2*v + 1. Let b(t) = 6*h(t) + s(t). Is b(19) a composite number?
False
Suppose 125*f + 99 = 136*f. Suppose -4069 = -f*b + 28754. Is b prime?
False
Let d = 38 - 36. Suppose o = -5, -2*u = -0*o + d*o - 208. Suppose u - 20 = r. Is r a composite number?
False
Let w be (-3 + 3)/(-2 + 5). Let m be -1 - w - (6 + -16). Is (2 + -2240)/(4 + (3 - m)) a prime number?
False
Let m(r) = 2 - r - 12*r**2 - 830*r**3 + 828*r**3 + 3. Is m(-10) composite?
True
Let t(c) = 3250*c**3 + 4*c**2 - 5*c + 2. Let x be ((-36)/8)/9*(-3 - -1). Is t(x) a composite number?
False
Let y(o) = 39*o**2 - 109*o + 69. Is y(-23) composite?
True
Suppose 0 = 2*h - 3*v - 204857, -3*h - 22*v + 27*v + 307288 = 0. Is h a composite number?
True
Suppose 1686 + 5 = -l. Let w = -540 - l. Is w composite?
False
Let v(a) = -3*a**2 + 13*a + 14. Let b be v(5). Suppose -4999 = -r - b*s, -7*s - 19963 = -4*r - 12*s. Is r prime?
True
Suppose -34*z - 138 - 32 = 0. Is (-16921)/(-1 - (z + 5)) composite?
False
Suppose -19*o + 15*o + 268807 = 5*y, 0 = 4*y - 3